31?
25
Suppose -4*z - 3*p = 31 - 271, -2*z + 134 = -2*p. Calculate the remainder when z is divided by 1/(-4) + (-10)/(-3)*3003/616.
15
Suppose 4*h - 118 = -34. Let f = 11 + -21. What is the remainder when h is divided by f*2/(8/(-4))?
1
What is the remainder when 3239 is divided by ((-284)/(-923))/(8/52)?
1
Let d be 852/3 + (2 - 2). Suppose -5*k - 2*q + 511 = -206, 2*k - 2*q - d = 0. Calculate the remainder when k is divided by 5.
3
Let s = 123 + -121. Suppose -3*l = -3, l = -s*d - d + 19. Suppose -7*p + 92 = -d*p. What is the remainder when p is divided by 24?
20
Let r(b) = b**3 + b + 21. Suppose j = -5*q - 1 - 3, -2*q = -3*j - 29. Calculate the remainder when r(0) is divided by (j/(-5))/((-11)/(-55)).
3
Suppose -28*n = -35*n + 336. Suppose -n - 37 = -5*s. Suppose 16*a - s*a = -2. Calculate the remainder when 4 is divided by a.
0
Suppose -3*b + 4*b - 12 = 0. Calculate the remainder when -1 - (-1288)/35 - (-4)/20 is divided by b.
0
Let h = 1315 - 1100. What is the remainder when h is divided by 16?
7
Let a(f) = -1361*f + 9643. What is the remainder when 349 is divided by a(7)?
1
Suppose 16*k - 4*k = 36. What is the remainder when 30 is divided by (34/k)/((-28)/(-42))?
13
Let y(c) = c**2 + 23*c - 21. Let s(h) = -h**2 - 21*h + 21. Let l(b) = 4*s(b) + 3*y(b). What is the remainder when 49 is divided by l(-16)?
4
Suppose -9*k + 7004 - 1461 = 14*k. What is the remainder when k is divided by 31?
24
Let a = -16 - -32. Let w be 74/a + 30/80. Suppose -3*n + m = -8*n + 66, -w*n = 5*m - 50. Calculate the remainder when 64 is divided by n.
8
Let f be ((-10)/(-6))/(-5 - (-16)/3). Let a be -6 - (4 - f) - -77. Let i = a + -28. Calculate the remainder when 131 is divided by i.
43
Suppose -523 = -5*g - 3*r, -g + 106*r - 102*r = -123. What is the remainder when 12407 is divided by g?
102
Let p be (10/4 + -1)*(3 + -9). Let r be 8/(-6)*p/6. Suppose -7*u + 4*u + 18 = r*h, -3*h - u = -34. Calculate the remainder when 34 is divided by h.
10
Let v(p) = p**2 + 3*p + 13. Calculate the remainder when v(-9) is divided by (2 + 17)*(6 - (-2 - -7)).
10
Let u(t) = -2*t**2 + 125*t - 242. What is the remainder when u(39) is divided by 55?
51
Let s(a) = -a**3 - 15*a**2 - 55*a - 798. Calculate the remainder when s(-17) is divided by 40.
35
What is the remainder when (3 + 51/34)/(1/(-14)*-1) is divided by 54?
9
Let u = -30 + 124. What is the remainder when u is divided by (8/(-40))/(2/(-530))?
41
Suppose 3*r + v - 307 = 0, -2*r = -8*v + 6*v - 210. Let z = r - 80. What is the remainder when (-5 - -2) + (75 - 5) is divided by z?
21
Let p = 155 + -82. Let w = -28 + p. Suppose 66 - 46 = 2*g - 3*k, 5*g + 3*k - 92 = 0. What is the remainder when w is divided by g?
13
Calculate the remainder when ((-26)/(-8))/(-13) + (-386)/(-8) is divided by (-8802)/(-432) + (-3)/8.
8
Let n(d) = -10*d - 85. Let r(k) = -21*k - 171. Let j(t) = 9*n(t) - 4*r(t). What is the remainder when 39 is divided by j(-17)?
18
Suppose -3*n + 0*n = 12, 2*n + 83 = 5*h. What is the remainder when 138/(-50*2/(-55) - (-8)/44) is divided by h?
9
Suppose 6*l - 847 = -5*k + 9*l, -4*k - 4*l = -652. What is the remainder when 496 is divided by k?
162
Suppose 5*n - 279 = -3*k, -5*n + k = -40 - 227. Suppose -2*z + 3*i = -423 - 205, 5*z + i = 1621. What is the remainder when z is divided by n?
53
Let c = 107 + -240. Let i = c + 221. Calculate the remainder when i is divided by 13.
10
Let a be (8/(48/1845))/((-1)/2). Let r = -391 - a. What is the remainder when r is divided by 15?
14
Let m(k) = 4*k**3 + k**2 + 6*k - 4. Let g be (-10)/((-70)/(-21)) - (-5 + -1). Calculate the remainder when m(g) is divided by 11.
10
Calculate the remainder when (-25 - -998) + (-8 - (-11 - -5)) is divided by 159.
17
Let u(s) = s**3 - s + 36. What is the remainder when 1436 is divided by u(3)?
56
Let v(o) = -o**2 - 62*o - 405. Calculate the remainder when 90 is divided by v(-9).
18
Let z = -502 - -504. Suppose -32 = -2*p + 4*n, z - 22 = -2*p + n. What is the remainder when 55 is divided by p?
7
Suppose 3*n - 72 = -15. Calculate the remainder when ((-30)/40)/((-36)/8976) is divided by n.
16
Suppose 2*l + j - 189 = 0, 5*l = -j + 6*j + 465. Suppose 0 = -l*h + 97*h - 57. Calculate the remainder when 113 is divided by h.
18
Suppose -m - 3*k + 169 = -1009, 6*m - 4*k = 7002. What is the remainder when m is divided by 40?
9
Let m = 72 + -45. What is the remainder when (-6)/(-4)*(19 - -43) is divided by m?
12
Let z(m) = 511 + 2*m - 576 + 2*m. Calculate the remainder when z(30) is divided by 21.
13
Let z = -27 + 84. Suppose z*x + 4 = 59*x. What is the remainder when 3766/42 + (-3)/(9/x) is divided by 18?
17
Let j = -679 + 720. Suppose -4*o - 13 = -x, 2*o = -x - 2 + 9. What is the remainder when j is divided by x?
5
Suppose 5*x - 7*x = -c + 77, 4*x = -3*c + 181. Calculate the remainder when 319 is divided by c.
51
Suppose 60*l - 47*l - 5343 = 0. What is the remainder when l is divided by 102?
3
Suppose 175*x - 173*x = -4*t + 136, 2*x - 22 = -t. Calculate the remainder when 8353 is divided by t.
31
Let d(g) = 36*g**2 - 9*g - 12. Let n = -75 - -45. Calculate the remainder when d(-1) is divided by n/3*(-6)/5.
9
Let b be 4551/1599 + ((-2)/(-13) - 0). Suppose b*i - 526 = 296. Calculate the remainder when i is divided by 72.
58
Suppose 4*g + 4*w - 124 = 0, -4*g = w - 3*w - 88. Let o = 654 + -282. Calculate the remainder when o is divided by g.
22
Let s = 11 + 8. Suppose 0 = 3*c - 4*t - 17, -t - s = -3*c + 1. Suppose -2*m + 33 = c. Calculate the remainder when m is divided by 6.
1
Let r = 451 - -15. Suppose r = 10*x - 8*x. Calculate the remainder when x is divided by 60.
53
Let r be (-2)/3 - 272/(-3). Suppose -i + 0*i + r = 0. Suppose i + 20 = 2*f. What is the remainder when f is divided by 19?
17
Let n = 2296 + -2236. What is the remainder when n is divided by 16?
12
Let u be -1 - -2 - (-20 + 82). Let i = u + 168. Calculate the remainder when i is divided by 9.
8
Let j = 454 - 450. Suppose -j*c = -909 + 117. What is the remainder when c is divided by 23?
14
Suppose 2711 + 1724 = 158*k - 621. What is the remainder when 1757 is divided by k?
29
Let s(p) = -54*p. Suppose z + 0*z + 1 = 0. Let i(x) = 12*x**2 - 100*x + 51. What is the remainder when s(z) is divided by i(8)?
16
Let x = 36 + -16. Suppose a + 46 = -a. Let d = 14 - a. Calculate the remainder when d is divided by x.
17
Let y = 46 + -43. Suppose -b + 35 = -0*b + 3*c, 2*b - 67 = -y*c. What is the remainder when 58 is divided by b?
26
Let w = 4910 + -4835. What is the remainder when 1042 is divided by w?
67
What is the remainder when 502 is divided by (-784)/84*-6*(-1)/(-4)?
12
Calculate the remainder when 2430 is divided by ((-315)/(-42) + -8)/(1/(-42)).
15
Suppose 3*f = -2*x - 97, -5*f - 47 = x - 2*f. Let o = -2 - -5. What is the remainder when (-60)/(-75)*x/(-4) is divided by o?
1
Let j(y) = -2*y**3 - 8*y**2 - 19*y + 50. Let f be j(-12). Suppose 0 = 4*s - 2*v - f, -9*s + v = -6*s - 1939. Calculate the remainder when s is divided by 11.
10
Let q = -109 + 135. Let w(k) = 7*k - 68. Calculate the remainder when w(28) is divided by q.
24
Suppose -30*x = -38*x + 96. Suppose 7*w - 323 = -x*w. Calculate the remainder when 80 + 1/1 + -1 is divided by w.
12
Let p(t) = 0 + 2*t + 22*t - 21*t**2 - 10 + t**3. Suppose 10*f = 6*f + 96. What is the remainder when p(20) is divided by f?
22
Suppose -3*m - k + 40 = 30, 0 = -m - 4*k + 18. Suppose 0 = 5*o + w - 64, 9*w - 11*w = -m*o + 16. Calculate the remainder when 491 is divided by o.
11
Let w(v) be the second derivative of -v**3/6 + 13*v**2/2 + v - 40. Calculate the remainder when 23 is divided by w(7).
5
Let p = 10211 + -3863. Calculate the remainder when p is divided by 29.
26
Let s(y) = 25*y**2 - 600*y + 20. Calculate the remainder when 1837 is divided by s(24).
17
Let w(g) = -8*g - 31. Let f be w(-4). Suppose 0 = 4*t + 3 + f. What is the remainder when ((-69)/(t + (-1 - -1)))/1 is divided by 14?
13
What is the remainder when 369 is divided by 18/36*112 + 4?
9
Let g = 50 + 93. Suppose l - 121 = -3*v, 0*v + 5*l = -4*v + g. What is the remainder when v is divided by 20?
2
Suppose 0 = 2*l + 3*d - 61, -5*l + 5*d = -279 + 214. What is the remainder when l is divided by (-6)/9*-3 - -12?
6
Let w(r) = 153*r - 2678. What is the remainder when w(19) is divided by 85?
59
Let m(d) = 